{"id":301,"date":"2026-02-12T12:25:04","date_gmt":"2026-02-12T11:25:04","guid":{"rendered":"https:\/\/szkolaslezaki.pl\/?page_id=301"},"modified":"2026-02-12T12:34:26","modified_gmt":"2026-02-12T11:34:26","slug":"egzamin-8-klasisty","status":"publish","type":"page","link":"https:\/\/szkolaslezaki.pl\/?page_id=301","title":{"rendered":"Egzamin 8 klasisty"},"content":{"rendered":"\n<h3 class=\"wp-block-heading\"><strong>INFORMACJA DLA RODZIC\u00d3W I UCZNI\u00d3W PRZED<\/strong><\/h3>\n\n\n\n<h3 class=\"wp-block-heading\"><strong>EGZAMINEM \u00d3SMOKLASISTY<\/strong><\/h3>\n\n\n\n<p>Szczeg\u00f3\u0142owe informacje o zasadach przeprowadzania egzaminu \u00f3smoklasisty  podano informacje najwa\u017cniejsze.<\/p>\n\n\n\n<p>Od 2025 r. egzamin \u00f3smoklasisty obejmuje wiadomo\u015bci i umiej\u0119tno\u015bci okre\u015blone w wymaganiach og\u00f3lnych&nbsp;i szczeg\u00f3\u0142owych podstawy programowej kszta\u0142cenia og\u00f3lnego dla trzech przedmiot\u00f3w egzaminacyjnych, tj. j\u0119zyka polskiego, matematyki i j\u0119zyka obcego nowo\u017cytnego.&nbsp;<\/p>\n\n\n\n<p>Po raz pierwszy egzamin zosta\u0142 przeprowadzony w roku szkolnym 2018\/2019.<\/p>\n\n\n\n<p>Do egzaminu \u00f3smoklasisty przyst\u0119puj\u0105:<\/p>\n\n\n\n<ul class=\"wp-block-list\">\n<li>uczniowie VIII klasy szko\u0142y podstawowej<\/li>\n\n\n\n<li>uczniowie szk\u00f3\u0142 artystycznych realizuj\u0105cych kszta\u0142cenie og\u00f3lne w zakresie szko\u0142y podstawowej \u2013 w klasie, kt\u00f3rej zakres nauczania odpowiada klasie VIII szko\u0142y podstawowej.<\/li>\n<\/ul>\n\n\n\n<p>Egzamin \u00f3smoklasisty jest egzaminem&nbsp;obowi\u0105zkowym, co oznacza, \u017ce ka\u017cdy ucze\u0144 musi do niego przyst\u0105pi\u0107, aby uko\u0144czy\u0107 szko\u0142\u0119. Nie jest okre\u015blony minimalny wynik, jaki ucze\u0144 powinien uzyska\u0107, dlatego egzaminu \u00f3smoklasisty nie mo\u017cna nie zda\u0107.<\/p>\n\n\n\n<p>Egzamin \u00f3smoklasisty jest przeprowadzany w formie pisemnej.<\/p>\n\n\n\n<p>\u00d3smoklasista przyst\u0119puje do egzaminu z trzech przedmiot\u00f3w obowi\u0105zkowych, tj.:<\/p>\n\n\n\n<ol class=\"wp-block-list\">\n<li>j\u0119zyka polskiego<\/li>\n\n\n\n<li>matematyki<\/li>\n\n\n\n<li>j\u0119zyka obcego nowo\u017cytnego.<\/li>\n<\/ol>\n\n\n\n<p>\u00d3smoklasista przyst\u0119puje do egzaminu z jednego z nast\u0119puj\u0105cych j\u0119zyk\u00f3w obcych nowo\u017cytnych: angielskiego, francuskiego, hiszpa\u0144skiego, niemieckiego, rosyjskiego, ukrai\u0144skiego lub w\u0142oskiego. Ucze\u0144 mo\u017ce wybra\u0107 tylko ten j\u0119zyk, kt\u00f3rego uczy si\u0119 w&nbsp;szkole w ramach obowi\u0105zkowych zaj\u0119\u0107 edukacyjnych.<\/p>\n\n\n\n<h3 class=\"wp-block-heading\"><strong>Przebieg egzaminu \u00f3smoklasisty<\/strong><\/h3>\n\n\n\n<p>Egzamin \u00f3smoklasisty odbywa si\u0119 w maju. Ucze\u0144, kt\u00f3ry z przyczyn losowych lub zdrowotnych nie \u200eprzyst\u0105pi do egzaminu w tym terminie, przyst\u0119puje do niego w czerwcu.\u200e<\/p>\n\n\n\n<p>Egzamin \u00f3smoklasisty jest przeprowadzany przez trzy kolejne dni:<\/p>\n\n\n\n<ol class=\"wp-block-list\">\n<li>pierwszego dnia \u2013 egzamin z j\u0119zyka polskiego, kt\u00f3ry trwa 150 minut<\/li>\n\n\n\n<li>drugiego dnia \u2013 egzamin z matematyki, kt\u00f3ry trwa 125 minut<\/li>\n\n\n\n<li>trzeciego dnia \u2013 egzamin z j\u0119zyka obcego nowo\u017cytnego, kt\u00f3ry trwa 110 minut.<\/li>\n<\/ol>\n\n\n\n<p>Na egzamin ucze\u0144 przynosi ze sob\u0105 wy\u0142\u0105cznie przybory do pisania: pi\u00f3ro lub d\u0142ugopis \u200ez czarnym tuszem\/atramentem, a w przypadku egzaminu z matematyki r\u00f3wnie\u017c linijk\u0119. \u200e<\/p>\n\n\n\n<p>Na egzaminie nie mo\u017cna korzysta\u0107 z kalkulatora oraz s\u0142ownik\u00f3w. Nie wolno tak\u017ce wnosi\u0107 do sali egzaminacyjnej urz\u0105dze\u0144 telekomunikacyjnych lub korzysta\u0107 z takich urz\u0105dze\u0144 w tej sali (z wyj\u0105tkiem urz\u0105dzenia telekomunikacyjnego wyposa\u017conego w aplikacj\u0119 s\u0142u\u017c\u0105c\u0105 do monitorowania stanu zdrowia ucznia).<\/p>\n\n\n\n<p><strong>HARMONOGRAM EGZAMINU \u00d3SMOKLASISTY<\/strong><\/p>\n\n\n\n<p><strong>1. j\u0119zyk polski \u2013 11 maja 2026 r. (poniedzia\u0142ek) \u2013 godz. 9:00<\/strong><\/p>\n\n\n\n<p><strong>2. matematyka \u2013 12 maja 2026 r. (wtorek) \u2013 godz. 9:00<\/strong><\/p>\n\n\n\n<p><strong>3. j\u0119zyk obcy nowo\u017cytny \u2013 13 maja 2026 r. (\u015broda) \u2013 godz. 9:00<\/strong><\/p>\n\n\n\n<h2 class=\"wp-block-heading\"><strong>Zadania na egzaminie \u00f3smoklasisty<\/strong><\/h2>\n\n\n\n<p>W arkuszu egzaminacyjnym \u200ez ka\u017cdego przedmiotu znajd\u0105 si\u0119 zar\u00f3wno zadania \u200ezamkni\u0119te (tj. takie, w kt\u00f3rych ucze\u0144 wybiera jedn\u0105 odpowied\u017a z kilku podanych), jak i zadania otwarte (tj. takie, w kt\u00f3rych ucze\u0144 samodzielnie formu\u0142uje odpowied\u017a). \u200e<\/p>\n\n\n\n<p>Przyk\u0142adowe zadania wraz z rozwi\u0105zaniami mo\u017cna znale\u017a\u0107 w informatorach o egzaminie \u00f3smoklasisty z poszczeg\u00f3lnych przedmiot\u00f3w, w przyk\u0142adowych arkuszach egzaminacyjnych, w arkuszach z egzamin\u00f3w pr\u00f3bnych, w zestawach powt\u00f3rzeniowych zada\u0144 egzaminacyjnych oraz w arkuszach wykorzystanych do przeprowadzenia egzaminu \u00f3smoklasisty w latach 2019-2024.<\/p>\n\n\n\n<h2 class=\"wp-block-heading\"><strong>Wyniki i za\u015bwiadczenia<\/strong><\/h2>\n\n\n\n<p>W 2026 r. uczniowie poznaj\u0105 swoje wyniki i otrzymaj\u0105 za\u015bwiadczenia o szczeg\u00f3\u0142owych \u200ewynikach egzaminu \u00f3smoklasisty dnia 3 lipca. Na za\u015bwiadczeniu podany b\u0119dzie wynik procentowy oraz wynik na skali \u200ecentylowej dla egzaminu z ka\u017cdego przedmiotu.<\/p>\n\n\n\n<p>Wynik procentowy to odsetek punkt\u00f3w (zaokr\u0105glony do liczby ca\u0142kowitej), kt\u00f3re ucze\u0144 \u200ezdoby\u0142 za zadania z danego przedmiotu. \u200e<\/p>\n\n\n\n<p>Wynik centylowy to odsetek liczby \u00f3smoklasist\u00f3w (zaokr\u0105glony do liczby ca\u0142kowitej), kt\u00f3rzy \u200euzyskali z egzaminu z danego przedmiotu wynik taki sam lub ni\u017cszy ni\u017c zdaj\u0105cy. \u200e<\/p>\n\n\n\n<p>Na przyk\u0142ad ucze\u0144, kt\u00f3ry z j\u0119zyka polskiego uzyska\u0142 78% punkt\u00f3w mo\u017cliwych do zdobycia \u200e\u200e(wynik procentowy), dowie si\u0119 z za\u015bwiadczenia, \u017ce wynik taki sam lub ni\u017cszy uzyska\u0142o \u200e\u200e73% wszystkich zdaj\u0105cych (wynik centylowy), co oznacza, \u017ce wynik wy\u017cszy uzyska\u0142o \u200e\u200e27% zdaj\u0105cych. Wynik centylowy umo\u017cliwia por\u00f3wnanie swojego wyniku z wynikami \u200euczni\u00f3w w ca\u0142ym kraju.\u200e<\/p>\n\n\n\n<p>Wyniki egzaminacyjne s\u0105 ostateczne i nie mog\u0105 by\u0107 podwa\u017cone na drodze s\u0105dowej.\u200e<\/p>\n\n\n\n<h2 class=\"wp-block-heading\"><strong>Informacje dodatkowe<\/strong><\/h2>\n\n\n\n<h3 class=\"wp-block-heading\"><strong>EGZAMIN \u00d3SMOKLASISTY W J\u0118ZYKU MNIEJSZO\u015aCI NARODOWEJ, MNIEJSZO\u015aCI ETNICZNEJ \u200eI J\u0118ZYKU REGIONALNYM<\/strong><\/h3>\n\n\n\n<p>Uczniowie szk\u00f3\u0142 lub oddzia\u0142\u00f3w, w kt\u00f3rych zaj\u0119cia s\u0105 prowadzone w j\u0119zyku mniejszo\u015bci \u200enarodowej, j\u0119zyku mniejszo\u015bci etnicznej lub j\u0119zyku regionalnym, rozwi\u0105zuj\u0105 zadania \u200ez matematyki w j\u0119zyku polskim albo w j\u0119zyku danej mniejszo\u015bci narodowej, mniejszo\u015bci \u200eetnicznej lub w j\u0119zyku regionalnym. Stosown\u0105 deklaracj\u0119 rodzice (prawni opiekunowie) \u200eucznia sk\u0142adaj\u0105 do 30 wrze\u015bnia roku szkolnego, w kt\u00f3rym jest przeprowadzany egzamin.\u200e<\/p>\n\n\n\n<h3 class=\"wp-block-heading\"><strong>\u200eEGZAMIN \u00d3SMOKLASISTY Z J\u0118ZYKA OBCEGO NOWO\u017bYTNEGO<\/strong><\/h3>\n\n\n\n<p>Rodzice (prawni opiekunowie) ucznia nie p\u00f3\u017aniej ni\u017c do 30 wrze\u015bnia roku szkolnego, \u200ew kt\u00f3rym jest przeprowadzany egzamin, sk\u0142adaj\u0105 dyrektorowi szko\u0142y pisemn\u0105 deklaracj\u0119 \u200eo przyst\u0105pieniu do egzaminu z jednego z j\u0119zyk\u00f3w obcych nowo\u017cytnych, \u200ekt\u00f3rego ucze\u0144 uczy si\u0119 w szkole jako przedmiotu obowi\u0105zkowego. Osoby \u200epe\u0142noletnie sk\u0142adaj\u0105 tak\u0105 deklaracj\u0119 samodzielnie.\u200e<\/p>\n\n\n\n<h3 class=\"wp-block-heading\"><strong>UPRAWNIENIA LAUREAT\u00d3W I FINALIST\u00d3W KONKURS\u00d3W<\/strong><\/h3>\n\n\n\n<p>Ucze\u0144, kt\u00f3ry jest laureatem lub finalist\u0105 olimpiady przedmiotowej&nbsp;wymienionej w wykazie olimpiad lub laureatem konkursu \u200eprzedmiotowego o zasi\u0119gu wojew\u00f3dzkim i ponadwojew\u00f3dzkim, organizowanych \u200ez zakresu jednego z przedmiot\u00f3w obj\u0119tych egzaminem \u00f3smoklasisty, jest zwolniony \u200ez egzaminu z danego przedmiotu. Zwolnienie jest r\u00f3wnoznaczne z uzyskaniem \u200ez przedmiotu najwy\u017cszego wyniku.\u200e<\/p>\n\n\n\n<h3 class=\"wp-block-heading\"><strong>\u200eUPRAWNIENIA UCZNI\u00d3W ZE SPECJALNYMI POTRZEBAMI EDUKACYJNYMI<\/strong><\/h3>\n\n\n\n<p>Uczniowie ze specjalnymi potrzebami edukacyjnymi, w tym uczniowie niepe\u0142nosprawni, \u200eniedostosowani spo\u0142ecznie oraz zagro\u017ceni niedostosowaniem spo\u0142ecznym, oraz uczniowie, o kt\u00f3rych mowa w art. 165 ust. 1 ustawy z dnia 14 grudnia 2016 r.&nbsp;<em>Prawo o\u015bwiatowe<\/em>&nbsp;(cudzoziemcy), oraz uczniowie \u2013 obywatele Ukrainy&nbsp;przyst\u0119puj\u0105 do \u200eegzaminu \u00f3smoklasisty w warunkach i\/lub formach dostosowanych do ich potrzeb. Szczeg\u00f3\u0142owe \u200einformacje dotycz\u0105ce dostosowa\u0144 s\u0105 og\u0142aszane w komunikacie o dostosowaniach.<\/p>\n\n\n\n<p><\/p>\n","protected":false},"excerpt":{"rendered":"<p>INFORMACJA DLA RODZIC\u00d3W I UCZNI\u00d3W PRZED EGZAMINEM \u00d3SMOKLASISTY Szczeg\u00f3\u0142owe informacje o zasadach przeprowadzania egzaminu \u00f3smoklasisty podano informacje najwa\u017cniejsze. Od 2025 r. egzamin \u00f3smoklasisty obejmuje wiadomo\u015bci i umiej\u0119tno\u015bci okre\u015blone w wymaganiach og\u00f3lnych&nbsp;i szczeg\u00f3\u0142owych podstawy programowej kszta\u0142cenia og\u00f3lnego dla trzech przedmiot\u00f3w egzaminacyjnych, tj. j\u0119zyka polskiego, matematyki i j\u0119zyka obcego nowo\u017cytnego.&nbsp; Po raz pierwszy egzamin zosta\u0142 przeprowadzony w roku szkolnym 2018\/2019. Do egzaminu [&hellip;]<\/p>\n","protected":false},"author":1,"featured_media":0,"parent":0,"menu_order":0,"comment_status":"closed","ping_status":"closed","template":"","meta":{"footnotes":""},"class_list":["post-301","page","type-page","status-publish","hentry"],"yoast_head":"<!-- This site is optimized with the Yoast SEO plugin v26.6 - https:\/\/yoast.com\/wordpress\/plugins\/seo\/ -->\n<title>Egzamin 8 klasisty -<\/title>\n<meta name=\"robots\" content=\"index, follow, max-snippet:-1, max-image-preview:large, max-video-preview:-1\" \/>\n<link rel=\"canonical\" href=\"https:\/\/szkolaslezaki.pl\/?page_id=301\" \/>\n<meta property=\"og:locale\" content=\"pl_PL\" \/>\n<meta property=\"og:type\" content=\"article\" \/>\n<meta property=\"og:title\" content=\"Egzamin 8 klasisty -\" \/>\n<meta property=\"og:description\" content=\"INFORMACJA DLA RODZIC\u00d3W I UCZNI\u00d3W PRZED EGZAMINEM \u00d3SMOKLASISTY Szczeg\u00f3\u0142owe informacje o zasadach przeprowadzania egzaminu \u00f3smoklasisty podano informacje najwa\u017cniejsze. Od 2025 r. egzamin \u00f3smoklasisty obejmuje wiadomo\u015bci i umiej\u0119tno\u015bci okre\u015blone w wymaganiach og\u00f3lnych&nbsp;i szczeg\u00f3\u0142owych podstawy programowej kszta\u0142cenia og\u00f3lnego dla trzech przedmiot\u00f3w egzaminacyjnych, tj. j\u0119zyka polskiego, matematyki i j\u0119zyka obcego nowo\u017cytnego.&nbsp; Po raz pierwszy egzamin zosta\u0142 przeprowadzony w roku szkolnym 2018\/2019. Do egzaminu [&hellip;]\" \/>\n<meta property=\"og:url\" content=\"https:\/\/szkolaslezaki.pl\/?page_id=301\" \/>\n<meta property=\"article:modified_time\" content=\"2026-02-12T11:34:26+00:00\" \/>\n<meta name=\"twitter:card\" content=\"summary_large_image\" \/>\n<meta name=\"twitter:label1\" content=\"Szacowany czas czytania\" \/>\n\t<meta name=\"twitter:data1\" content=\"5 minut\" \/>\n<script type=\"application\/ld+json\" class=\"yoast-schema-graph\">{\"@context\":\"https:\/\/schema.org\",\"@graph\":[{\"@type\":\"WebPage\",\"@id\":\"https:\/\/szkolaslezaki.pl\/?page_id=301\",\"url\":\"https:\/\/szkolaslezaki.pl\/?page_id=301\",\"name\":\"Egzamin 8 klasisty -\",\"isPartOf\":{\"@id\":\"https:\/\/szkolaslezaki.pl\/#website\"},\"datePublished\":\"2026-02-12T11:25:04+00:00\",\"dateModified\":\"2026-02-12T11:34:26+00:00\",\"breadcrumb\":{\"@id\":\"https:\/\/szkolaslezaki.pl\/?page_id=301#breadcrumb\"},\"inLanguage\":\"pl-PL\",\"potentialAction\":[{\"@type\":\"ReadAction\",\"target\":[\"https:\/\/szkolaslezaki.pl\/?page_id=301\"]}]},{\"@type\":\"BreadcrumbList\",\"@id\":\"https:\/\/szkolaslezaki.pl\/?page_id=301#breadcrumb\",\"itemListElement\":[{\"@type\":\"ListItem\",\"position\":1,\"name\":\"Home\",\"item\":\"https:\/\/szkolaslezaki.pl\/\"},{\"@type\":\"ListItem\",\"position\":2,\"name\":\"Egzamin 8 klasisty\"}]},{\"@type\":\"WebSite\",\"@id\":\"https:\/\/szkolaslezaki.pl\/#website\",\"url\":\"https:\/\/szkolaslezaki.pl\/\",\"name\":\"\",\"description\":\"\",\"potentialAction\":[{\"@type\":\"SearchAction\",\"target\":{\"@type\":\"EntryPoint\",\"urlTemplate\":\"https:\/\/szkolaslezaki.pl\/?s={search_term_string}\"},\"query-input\":{\"@type\":\"PropertyValueSpecification\",\"valueRequired\":true,\"valueName\":\"search_term_string\"}}],\"inLanguage\":\"pl-PL\"}]}<\/script>\n<!-- \/ Yoast SEO plugin. -->","yoast_head_json":{"title":"Egzamin 8 klasisty -","robots":{"index":"index","follow":"follow","max-snippet":"max-snippet:-1","max-image-preview":"max-image-preview:large","max-video-preview":"max-video-preview:-1"},"canonical":"https:\/\/szkolaslezaki.pl\/?page_id=301","og_locale":"pl_PL","og_type":"article","og_title":"Egzamin 8 klasisty -","og_description":"INFORMACJA DLA RODZIC\u00d3W I UCZNI\u00d3W PRZED EGZAMINEM \u00d3SMOKLASISTY Szczeg\u00f3\u0142owe informacje o zasadach przeprowadzania egzaminu \u00f3smoklasisty podano informacje najwa\u017cniejsze. Od 2025 r. egzamin \u00f3smoklasisty obejmuje wiadomo\u015bci i umiej\u0119tno\u015bci okre\u015blone w wymaganiach og\u00f3lnych&nbsp;i szczeg\u00f3\u0142owych podstawy programowej kszta\u0142cenia og\u00f3lnego dla trzech przedmiot\u00f3w egzaminacyjnych, tj. j\u0119zyka polskiego, matematyki i j\u0119zyka obcego nowo\u017cytnego.&nbsp; Po raz pierwszy egzamin zosta\u0142 przeprowadzony w roku szkolnym 2018\/2019. Do egzaminu [&hellip;]","og_url":"https:\/\/szkolaslezaki.pl\/?page_id=301","article_modified_time":"2026-02-12T11:34:26+00:00","twitter_card":"summary_large_image","twitter_misc":{"Szacowany czas czytania":"5 minut"},"schema":{"@context":"https:\/\/schema.org","@graph":[{"@type":"WebPage","@id":"https:\/\/szkolaslezaki.pl\/?page_id=301","url":"https:\/\/szkolaslezaki.pl\/?page_id=301","name":"Egzamin 8 klasisty -","isPartOf":{"@id":"https:\/\/szkolaslezaki.pl\/#website"},"datePublished":"2026-02-12T11:25:04+00:00","dateModified":"2026-02-12T11:34:26+00:00","breadcrumb":{"@id":"https:\/\/szkolaslezaki.pl\/?page_id=301#breadcrumb"},"inLanguage":"pl-PL","potentialAction":[{"@type":"ReadAction","target":["https:\/\/szkolaslezaki.pl\/?page_id=301"]}]},{"@type":"BreadcrumbList","@id":"https:\/\/szkolaslezaki.pl\/?page_id=301#breadcrumb","itemListElement":[{"@type":"ListItem","position":1,"name":"Home","item":"https:\/\/szkolaslezaki.pl\/"},{"@type":"ListItem","position":2,"name":"Egzamin 8 klasisty"}]},{"@type":"WebSite","@id":"https:\/\/szkolaslezaki.pl\/#website","url":"https:\/\/szkolaslezaki.pl\/","name":"","description":"","potentialAction":[{"@type":"SearchAction","target":{"@type":"EntryPoint","urlTemplate":"https:\/\/szkolaslezaki.pl\/?s={search_term_string}"},"query-input":{"@type":"PropertyValueSpecification","valueRequired":true,"valueName":"search_term_string"}}],"inLanguage":"pl-PL"}]}},"_links":{"self":[{"href":"https:\/\/szkolaslezaki.pl\/index.php?rest_route=\/wp\/v2\/pages\/301","targetHints":{"allow":["GET"]}}],"collection":[{"href":"https:\/\/szkolaslezaki.pl\/index.php?rest_route=\/wp\/v2\/pages"}],"about":[{"href":"https:\/\/szkolaslezaki.pl\/index.php?rest_route=\/wp\/v2\/types\/page"}],"author":[{"embeddable":true,"href":"https:\/\/szkolaslezaki.pl\/index.php?rest_route=\/wp\/v2\/users\/1"}],"replies":[{"embeddable":true,"href":"https:\/\/szkolaslezaki.pl\/index.php?rest_route=%2Fwp%2Fv2%2Fcomments&post=301"}],"version-history":[{"count":3,"href":"https:\/\/szkolaslezaki.pl\/index.php?rest_route=\/wp\/v2\/pages\/301\/revisions"}],"predecessor-version":[{"id":306,"href":"https:\/\/szkolaslezaki.pl\/index.php?rest_route=\/wp\/v2\/pages\/301\/revisions\/306"}],"wp:attachment":[{"href":"https:\/\/szkolaslezaki.pl\/index.php?rest_route=%2Fwp%2Fv2%2Fmedia&parent=301"}],"curies":[{"name":"wp","href":"https:\/\/api.w.org\/{rel}","templated":true}]}}