{"id":186,"date":"2026-02-12T09:47:49","date_gmt":"2026-02-12T08:47:49","guid":{"rendered":"https:\/\/szkolaslezaki.pl\/?page_id=186"},"modified":"2026-02-12T09:47:50","modified_gmt":"2026-02-12T08:47:50","slug":"samorzad-uczniowski","status":"publish","type":"page","link":"https:\/\/szkolaslezaki.pl\/?page_id=186","title":{"rendered":"Samorz\u0105d Uczniowski"},"content":{"rendered":"\n<p><\/p>\n\n\n\n<p><\/p>\n\n\n\n<p class=\"has-text-align-center\"><strong>SAMORZ\u0104D UCZNIOWSKI<\/strong><\/p>\n\n\n\n<p class=\"has-text-align-center\">Opiekunowie: <strong>p.&nbsp;Marzena \u015acipie\u0144<\/strong><\/p>\n\n\n\n<p class=\"has-text-align-center\"><strong>&nbsp; &nbsp; &nbsp; &nbsp; &nbsp;p. Aneta Wilk<\/strong><\/p>\n\n\n\n<p><\/p>\n\n\n\n<p class=\"has-text-align-center\">Przewodnicz\u0105cy:&nbsp;<strong>Nikola Byczek<\/strong><\/p>\n\n\n\n<p class=\"has-text-align-center\">&nbsp; &nbsp;Zast\u0119pca:&nbsp;<strong>Szymon Obara<\/strong><\/p>\n\n\n\n<p class=\"has-text-align-center\">Sekretarz:&nbsp;<strong>Kacper Pru\u015b<\/strong><\/p>\n\n\n\n<p class=\"has-text-align-center\">Skarbnik:<strong>&nbsp;Nadia Kraciuk<\/strong><\/p>\n\n\n\n<p><\/p>\n","protected":false},"excerpt":{"rendered":"<p>SAMORZ\u0104D UCZNIOWSKI Opiekunowie: p.&nbsp;Marzena \u015acipie\u0144 &nbsp; &nbsp; &nbsp; &nbsp; &nbsp;p. Aneta Wilk Przewodnicz\u0105cy:&nbsp;Nikola Byczek &nbsp; &nbsp;Zast\u0119pca:&nbsp;Szymon Obara Sekretarz:&nbsp;Kacper Pru\u015b Skarbnik:&nbsp;Nadia Kraciuk<\/p>\n","protected":false},"author":1,"featured_media":0,"parent":0,"menu_order":0,"comment_status":"closed","ping_status":"closed","template":"","meta":{"footnotes":""},"class_list":["post-186","page","type-page","status-publish","hentry"],"yoast_head":"<!-- This site is optimized with the Yoast SEO plugin v26.6 - https:\/\/yoast.com\/wordpress\/plugins\/seo\/ -->\n<title>Samorz\u0105d Uczniowski -<\/title>\n<meta name=\"robots\" content=\"index, follow, max-snippet:-1, max-image-preview:large, max-video-preview:-1\" \/>\n<link rel=\"canonical\" href=\"https:\/\/szkolaslezaki.pl\/?page_id=186\" \/>\n<meta property=\"og:locale\" content=\"pl_PL\" \/>\n<meta property=\"og:type\" content=\"article\" \/>\n<meta property=\"og:title\" content=\"Samorz\u0105d Uczniowski -\" \/>\n<meta property=\"og:description\" content=\"SAMORZ\u0104D UCZNIOWSKI Opiekunowie: p.&nbsp;Marzena \u015acipie\u0144 &nbsp; &nbsp; &nbsp; &nbsp; &nbsp;p. Aneta Wilk Przewodnicz\u0105cy:&nbsp;Nikola Byczek &nbsp; &nbsp;Zast\u0119pca:&nbsp;Szymon Obara Sekretarz:&nbsp;Kacper Pru\u015b Skarbnik:&nbsp;Nadia Kraciuk\" \/>\n<meta property=\"og:url\" content=\"https:\/\/szkolaslezaki.pl\/?page_id=186\" \/>\n<meta property=\"article:modified_time\" content=\"2026-02-12T08:47:50+00:00\" \/>\n<meta name=\"twitter:card\" content=\"summary_large_image\" \/>\n<meta name=\"twitter:label1\" content=\"Szacowany czas czytania\" \/>\n\t<meta name=\"twitter:data1\" content=\"1 minuta\" \/>\n<script type=\"application\/ld+json\" class=\"yoast-schema-graph\">{\"@context\":\"https:\/\/schema.org\",\"@graph\":[{\"@type\":\"WebPage\",\"@id\":\"https:\/\/szkolaslezaki.pl\/?page_id=186\",\"url\":\"https:\/\/szkolaslezaki.pl\/?page_id=186\",\"name\":\"Samorz\u0105d Uczniowski -\",\"isPartOf\":{\"@id\":\"https:\/\/szkolaslezaki.pl\/#website\"},\"datePublished\":\"2026-02-12T08:47:49+00:00\",\"dateModified\":\"2026-02-12T08:47:50+00:00\",\"breadcrumb\":{\"@id\":\"https:\/\/szkolaslezaki.pl\/?page_id=186#breadcrumb\"},\"inLanguage\":\"pl-PL\",\"potentialAction\":[{\"@type\":\"ReadAction\",\"target\":[\"https:\/\/szkolaslezaki.pl\/?page_id=186\"]}]},{\"@type\":\"BreadcrumbList\",\"@id\":\"https:\/\/szkolaslezaki.pl\/?page_id=186#breadcrumb\",\"itemListElement\":[{\"@type\":\"ListItem\",\"position\":1,\"name\":\"Home\",\"item\":\"https:\/\/szkolaslezaki.pl\/\"},{\"@type\":\"ListItem\",\"position\":2,\"name\":\"Samorz\u0105d Uczniowski\"}]},{\"@type\":\"WebSite\",\"@id\":\"https:\/\/szkolaslezaki.pl\/#website\",\"url\":\"https:\/\/szkolaslezaki.pl\/\",\"name\":\"\",\"description\":\"\",\"potentialAction\":[{\"@type\":\"SearchAction\",\"target\":{\"@type\":\"EntryPoint\",\"urlTemplate\":\"https:\/\/szkolaslezaki.pl\/?s={search_term_string}\"},\"query-input\":{\"@type\":\"PropertyValueSpecification\",\"valueRequired\":true,\"valueName\":\"search_term_string\"}}],\"inLanguage\":\"pl-PL\"}]}<\/script>\n<!-- \/ Yoast SEO plugin. -->","yoast_head_json":{"title":"Samorz\u0105d Uczniowski -","robots":{"index":"index","follow":"follow","max-snippet":"max-snippet:-1","max-image-preview":"max-image-preview:large","max-video-preview":"max-video-preview:-1"},"canonical":"https:\/\/szkolaslezaki.pl\/?page_id=186","og_locale":"pl_PL","og_type":"article","og_title":"Samorz\u0105d Uczniowski -","og_description":"SAMORZ\u0104D UCZNIOWSKI Opiekunowie: p.&nbsp;Marzena \u015acipie\u0144 &nbsp; &nbsp; &nbsp; &nbsp; &nbsp;p. Aneta Wilk Przewodnicz\u0105cy:&nbsp;Nikola Byczek &nbsp; &nbsp;Zast\u0119pca:&nbsp;Szymon Obara Sekretarz:&nbsp;Kacper Pru\u015b Skarbnik:&nbsp;Nadia Kraciuk","og_url":"https:\/\/szkolaslezaki.pl\/?page_id=186","article_modified_time":"2026-02-12T08:47:50+00:00","twitter_card":"summary_large_image","twitter_misc":{"Szacowany czas czytania":"1 minuta"},"schema":{"@context":"https:\/\/schema.org","@graph":[{"@type":"WebPage","@id":"https:\/\/szkolaslezaki.pl\/?page_id=186","url":"https:\/\/szkolaslezaki.pl\/?page_id=186","name":"Samorz\u0105d Uczniowski -","isPartOf":{"@id":"https:\/\/szkolaslezaki.pl\/#website"},"datePublished":"2026-02-12T08:47:49+00:00","dateModified":"2026-02-12T08:47:50+00:00","breadcrumb":{"@id":"https:\/\/szkolaslezaki.pl\/?page_id=186#breadcrumb"},"inLanguage":"pl-PL","potentialAction":[{"@type":"ReadAction","target":["https:\/\/szkolaslezaki.pl\/?page_id=186"]}]},{"@type":"BreadcrumbList","@id":"https:\/\/szkolaslezaki.pl\/?page_id=186#breadcrumb","itemListElement":[{"@type":"ListItem","position":1,"name":"Home","item":"https:\/\/szkolaslezaki.pl\/"},{"@type":"ListItem","position":2,"name":"Samorz\u0105d Uczniowski"}]},{"@type":"WebSite","@id":"https:\/\/szkolaslezaki.pl\/#website","url":"https:\/\/szkolaslezaki.pl\/","name":"","description":"","potentialAction":[{"@type":"SearchAction","target":{"@type":"EntryPoint","urlTemplate":"https:\/\/szkolaslezaki.pl\/?s={search_term_string}"},"query-input":{"@type":"PropertyValueSpecification","valueRequired":true,"valueName":"search_term_string"}}],"inLanguage":"pl-PL"}]}},"_links":{"self":[{"href":"https:\/\/szkolaslezaki.pl\/index.php?rest_route=\/wp\/v2\/pages\/186","targetHints":{"allow":["GET"]}}],"collection":[{"href":"https:\/\/szkolaslezaki.pl\/index.php?rest_route=\/wp\/v2\/pages"}],"about":[{"href":"https:\/\/szkolaslezaki.pl\/index.php?rest_route=\/wp\/v2\/types\/page"}],"author":[{"embeddable":true,"href":"https:\/\/szkolaslezaki.pl\/index.php?rest_route=\/wp\/v2\/users\/1"}],"replies":[{"embeddable":true,"href":"https:\/\/szkolaslezaki.pl\/index.php?rest_route=%2Fwp%2Fv2%2Fcomments&post=186"}],"version-history":[{"count":1,"href":"https:\/\/szkolaslezaki.pl\/index.php?rest_route=\/wp\/v2\/pages\/186\/revisions"}],"predecessor-version":[{"id":188,"href":"https:\/\/szkolaslezaki.pl\/index.php?rest_route=\/wp\/v2\/pages\/186\/revisions\/188"}],"wp:attachment":[{"href":"https:\/\/szkolaslezaki.pl\/index.php?rest_route=%2Fwp%2Fv2%2Fmedia&parent=186"}],"curies":[{"name":"wp","href":"https:\/\/api.w.org\/{rel}","templated":true}]}}